*z - 42. Calculate d(g).
-8
Let u(s) = s - 1. Let y(i) = i**2 + 19*i + 74. Let t be y(-6). Let x be 7/t + 33/44. Determine u(x).
-2
Suppose -h + 11 = -3*o + 32, -3*o = 4*h + 9. Let n(z) = z**3 - z - 6. Let m = 47 + -46. Let j(a) = 3*a**2 + 2. Let s(q) = m*n(q) + 2*j(q). Give s(h).
4
Let f(y) = -y**3 + 9*y**2 - 16*y + 2. Suppose 48*q = 119*q - 56*q - 90. Calculate f(q).
14
Let x(d) = 238*d + 203. Let t(c) = 272*c + 203. Let k(v) = 6*t(v) - 7*x(v). Determine k(-6).
1
Let s(m) be the second derivative of -19*m**3/6 - 59*m**2 + 1248*m. Determine s(-6).
-4
Let v(c) = -7*c**2 + 2*c**3 - 6 - c - 5*c**3 + 2*c**3. Let j = -138 - -134. Let m(a) = a**3 + 5*a**2 + 11*a + 21. Let x be m(j). Give v(x).
1
Let g(p) = 8*p**2 - 2*p. Let k(h) = -2*h - 11. Let s be k(-7). Suppose 5*o - 5*c + s*c + 8 = 0, -c = -3*o - 5. Determine g(o).
36
Let a(p) = -17*p - 307. Let h be a(-18). Let r(q) = 33*q - 1. Give r(h).
-34
Let h(p) be the second derivative of 0 + 7/6*p**3 + 1/20*p**5 - 7/12*p**4 - 11*p - 9/2*p**2. Suppose -k - 14 = -2*k + 4*o, -16 = -k + 5*o. Determine h(k).
-3
Let q(p) = -4*p**2 - 162 - 4*p**3 + 159 - 4*p + 0*p**2. Let n(m) = 7*m**3 + 7*m**2 + 8*m + 4. Let k(w) = -3*n(w) - 5*q(w). Determine k(2).
-17
Let c = 1 - 6. Let n(a) = -a**3 - 816*a - 1 + a**2 + 817*a - 3 + 5. Let y(r) = -6*r**3 + 10*r**2 + r + 1. Let b(p) = c*n(p) + y(p). Calculate b(4).
-4
Let i(n) = n - 10. Suppose -877 = 86*b + 585. Calculate i(b).
-27
Let p(g) = 743*g**2 - 755*g**2 - 14*g + 3 + 2*g**3 + 26*g. Calculate p(5).
13
Let g(a) = -a**2 - 14*a - 9. Suppose -p = 4*p + 285. Let x be p/4 + ((-2)/(-8) - 0). What is g(x)?
-9
Let n(x) = -x**2 + 760*x - 408*x + 0*x**2 + 6 - 374*x - 78. Determine n(-17).
13
Suppose 11*k - 9*k = -6*q + 10, 4*q - 2*k = -10. Let z(s) = 5*s - 1. What is z(q)?
-1
Let m(p) be the third derivative of -p**4/8 + 41*p**3/3 - 30*p**2 + 28*p. Determine m(25).
7
Suppose -3*w - 9 = 0, 58*x + 25 = 60*x - 5*w. Let n(u) = -2*u**3 + 11*u**2 + 5*u - 47. What is n(x)?
3
Suppose -3 = -4*q - 19, -126 = -5*j + 4*q. Let c = j - 31. Let u(w) = 0 - 4*w**2 - 4*w + 4 - 5*w + 3*w**2. Determine u(c).
4
Suppose h = -5*f - 21, -3*h - 15 - 15 = 4*f. Let y = 33 + -23. Let s(m) = y*m**2 + 2 - 10 - 9*m - 11*m**2. Calculate s(h).
10
Suppose -f - 5*k = -68, -k - 3 = -8. Let z(v) = -f + 2*v + 18 + 25. What is z(2)?
4
Let p(f) = -3*f**2 + 5*f - 93. Let z(w) = 6*w**2 - 9*w + 186. Let y(l) = 9*p(l) + 5*z(l). Let c(t) be the first derivative of y(t). Calculate c(-1).
-6
Let v(x) = 3*x - x**3 - 49*x**2 - 60*x**2 + 113*x**2 + 0*x**3 - 5. Calculate v(4).
7
Let u(f) = f**3 - 8*f**2 + 4*f - 12. Let x be (0 + (-3)/(-2))*(-32)/(-12). Suppose 0 = -x*c + o + 28, 0 = o + 4*o - 20. What is u(c)?
20
Let u(h) = h + 17 - 40 + 6 + 5 + 0*h. Give u(9).
-3
Let v(x) = 338*x**2 + 4*x + 21. Let p(k) = -732*k**2 - 8*k - 45. Let y(z) = 6*p(z) + 13*v(z). Suppose 6*u - u = 3*q - 4, -u = -4*q - 6. Determine y(u).
3
Let x(s) be the third derivative of s**5/120 - s**4/8 - 47*s**3/2 - 8*s**2 + 7. Let d(b) be the first derivative of x(b). What is d(4)?
1
Let x(v) be the third derivative of -v**6/120 - 7*v**5/60 - v**4/12 + v**3/3 + 2369*v**2. Give x(-7).
16
Let s(x) = -6*x - 2. Let j be (48/(-21))/(4/(-14)). Suppose 2*l + 4*z + j = 0, 0 = -5*l - 5*z - 0*z - 15. Calculate s(l).
10
Suppose 5*x + 3*t = -23, 2*x + 2*t + 27 = -3*x. Let d(s) = 5*s + 49. Calculate d(x).
14
Let h(x) = -112*x**2. Let y(q) = -2*q**2. Let n(f) = f**3 - f**2 - 8*f + 48. Let g be n(0). Let o(s) = g*y(s) - h(s). Calculate o(-1).
16
Suppose -k + 2*t + 29 = -10, -74 = -2*k + 3*t. Let w(n) = -n**3 + 8*n**2 + 2*n**3 + k + n - 22. Give w(-8).
1
Let b(d) = -160 - 212 - 156 + d**2 + 432 + 11*d. Calculate b(6).
6
Let a(y) = -y**3 - 21*y**2 - 5*y + 251. Let i be a(-20). Let n(o) = -6*o - 285. Calculate n(i).
9
Let u(f) = -112 + 412 - f - 309. Let i(a) = -1. Let h(l) = l + 3. Let r be h(-4). Let n(q) = r*u(q) + 4*i(q). Calculate n(-4).
1
Let a(o) be the first derivative of o**6/120 - o**5/10 - o**4/8 + 4*o**3/3 + 109*o**2/2 + 61. Let z(v) be the second derivative of a(v). What is z(6)?
-10
Let i(o) be the second derivative of o**5/120 - o**4/3 + 187*o**3/6 - 15*o - 1. Let g(d) be the second derivative of i(d). What is g(13)?
5
Let s(o) be the first derivative of o**5/10 + o**4/3 + 182*o - 91. Let m(z) be the first derivative of s(z). Give m(-2).
0
Let h = 309 + -301. Suppose -5*l - 34 = -c, l + h*c - 10 = 4*c. Let z(t) = 2*t**3 + 11*t**2 - 6*t + 1. Calculate z(l).
1
Let d(g) be the first derivative of 2*g**2 - 16*g + 21. Let j(w) = w - 2. Let b(q) = d(q) - 6*j(q). Give b(6).
-16
Let z be 25*(676/(-65))/(-26). Let r(t) = -2*t**2 + 22*t - 17. What is r(z)?
3
Suppose -42 + 38 = -4*d. Let g(l) = l**2 + 2*l + 1. Let q(n) = 6*n**2 + 15*n + 8. Let h(o) = d*q(o) - 4*g(o). Give h(-4).
8
Let m(v) = v**3 - 19*v**2 - 40*v - 48. Let z = 4976 + -4955. What is m(z)?
-6
Suppose -32 + 0 = 4*k - a, 5*a = k - 11. Let n(i) = 2*i + 1. Let r(q) = 3*q - 2. Let c(m) = -2*n(m) + r(m). Calculate c(k).
5
Let a(z) = z**2 + 2*z + 1. Let x(w) be the second derivative of w**4/3 + 7*w**3/3 - 5*w**2 - 26*w + 2. Let v(j) = -3*a(j) + x(j). Give v(-9).
-4
Let y(c) = -2*c. Let j(a) = -3*a. Let i(z) = 3*j(z) - 4*y(z). Suppose 9*o - 10*o + 3 = 0. Suppose -o*r - 16 = 2. Give i(r).
6
Let f(j) = -2*j**2 - j - 2. Let m(d) = d**3 + d**2 + 64*d - 131. Let w(b) = -f(b) - m(b). Calculate w(2).
3
Suppose -j + 3 = -4*j. Let y(k) be the second derivative of k**3/3 + 55524*k. Calculate y(j).
-2
Let v(l) = -2*l**2 - 10*l - 4. Let r(a) = 567*a + 2834. Let s be r(-5). What is v(s)?
4
Let f be 18/(-8)*16/(-6). Suppose 5*s + 6*k = 3*k - f, 18 = -4*s + 2*k. Let w(u) be the second derivative of -u**5/20 + u**3/2 + u**2/2 + 167*u. What is w(s)?
19
Let r(t) be the first derivative of -t**3/3 + 11*t**2/2 - 2*t - 5369. Give r(10).
8
Suppose -4*o - 12*o = -o. Suppose -8*l - 35 - 5 = o. Let p(d) = -d + 3. Give p(l).
8
Let q(n) = -59 + n**2 - 2*n**2 + 62 - 9*n. Let w(c) be the third derivative of -c**4/8 - 4*c**3 + 3*c**2. Let l be w(-5). Determine q(l).
3
Let q(t) = -t**3 - 7*t**2 - 7*t. Suppose -r + 73 + 58 = 0. Suppose 12*v + r = 59. What is q(v)?
6
Let h(d) be the third derivative of d**6/120 + d**5/30 - 7*d**4/24 - d**3 - d**2. Let z(t) = t**2 + 26*t + 156. Let v be z(-10). Determine h(v).
-10
Suppose -m - 2*p = -3*m + 24, -m - p = -4. Suppose 0 = -2*l + 4*i - m, -5*i = 4*l + 7 - 30. Let j(x) = x**3 - 2*x**2 + 2*x. What is j(l)?
4
Let b(k) = 32*k**3 - 17*k**2 + 16*k + 10. Let m(q) = -9*q**3 + 5*q**2 - 5*q - 3. Let p(s) = 2*b(s) + 7*m(s). Calculate p(-3).
-10
Suppose -2*w - 4*u + 8 = -0*u, 4*u + 28 = 4*w. Let o(v) = -8*v + 46. Give o(w).
-2
Let s(o) = o**2 + 12*o - 2. Let d(m) = 3*m**2 + 32*m - 5. Let u(l) = 6*d(l) - 17*s(l). Give u(11).
-7
Let t = 2178 + -2157. Let l(f) = -f**3 + 21*f**2 + 3. Calculate l(t).
3
Let u = 13965 - 13991. Let n(f) = 11*f + 294. Give n(u).
8
Let i(a) = -44*a + 7. Let u(b) = -293*b + 44. Let y(n) = 13*i(n) - 2*u(n). Determine y(-3).
-39
Let c(l) = -3*l**2 - 26*l - 42. Let m(s) = 4. Let o(a) = c(a) + 5*m(a). Give o(-8).
-6
Let c(s) = s**2 - 6*s + 1. Let q(a) = -a**2 - a - 1. Let m(x) = -8*x**2 - 27*x - 13. Let h(d) = m(d) - 4*q(d). Let i be h(-5). What is c(i)?
1
Suppose 0 = 5*n - 16 - 184. Let k = n - 38. Let t(b) = -11*b + 4. Let c(r) = -133*r + 49. Let u(y) = -4*c(y) + 49*t(y). Determine u(k).
-14
Let t = -30 - -32. Let g be -6 - (-1)/t*2. Let d(q) = -5*q + 4*q**2 + q**3 - 58 + 60 + q. Give d(g).
-3
Let z(v) = 17*v**3 + 8*v**2 + 18*v + 16. Let x(p) = -3*p**3 - p**2 - 3*p - 3. Let b(f) = 6*x(f) + z(f). Let d be ((-4)/7)/((-6)/21). What is b(d)?
-2
Let g(h) = 3*h**3 + 22*h**2 + h + 1. Let f(x) = 8*x**3 + 58*x**2 + 10*x + 13. Let s(r) = -f(r) + 3*g(r). Let c be (-26)/3 - 1/3. Give s(c).
-28
Let q(s) = -45*s**3 + 15*s**2 + 11*s**2 + 46*s**3 + s + 21*s - 12 - 8*s**2. Determine q(-16).
148
Let r(w) = -18*w + 1. Let p(x) = x**2 - 8*x - 2. Let d be p(9). Suppose 3*i = 4*l - 6*l - 7, 2*i - l - d = 0. What is r(i)?
-17
Suppose -36*g = -52*g - 64. Let j(f) = f**3 + 5*f**2 + 5*f - 2. Let c(z) = 2*z**3 + 10*z**2 + 11*z - 4. Let u(v) = 6*c(v) - 13*j(v). Give u(g).
-18
Let d(q) be the second derivative of -q**5/20 + q**4/3 - q**3/3 + 3*q**2/2 + 6672*q - 2. Suppose 4*x - 5 = 7. Determine d(x).
6
Let u(r) be the th